{"id":1983,"date":"2019-10-24T03:39:23","date_gmt":"2019-10-24T03:39:23","guid":{"rendered":"http:\/\/aciamericas.coop\/hackathon\/?page_id=1983"},"modified":"2019-10-25T15:28:35","modified_gmt":"2019-10-25T15:28:35","slug":"terminos-y-condiciones","status":"publish","type":"page","link":"http:\/\/aciamericas.coop\/hackathon\/terminos-y-condiciones\/","title":{"rendered":"T\u00e9rminos y condiciones"},"content":{"rendered":"\n<p>El completar el formulario no le asegura a la persona un cupo en dicha actividad; ser\u00e1 por medio de un correo oficial de Cooperativas de las Am\u00e9ricas entre el 4 y el 21 de octubre de 2019, que la organizaci\u00f3n le informar\u00e1 a la persona si fue o no aceptada su inscripci\u00f3n a la actividad, dependiendo de las fechas de corte de las inscripciones. En caso de que durante el periodo de preinscripci\u00f3n se sobrepase la capacidad m\u00e1xima de inscritos para el evento, se priorizar\u00e1 a las primeras 25 personas que completaron el formulario oficial por cada eje tem\u00e1tico, de igual manera, esta regla ser\u00e1 aplicada durante la etapa de la inscripci\u00f3n. La capacidad m\u00e1xima de inscritos totales para el evento ser\u00e1 de 75 personas (25 para cada uno de los ejes), esto debido a la metodolog\u00eda que se estar\u00e1 aplicando durante el desarrollo del hackathon.<\/p>\n\n\n\n<p>Las inscripciones ser\u00e1n gratuitas y se realizaran de manera individual respetando el eje seleccionado, sin embargo, no se podr\u00e1 asegurar a los inscritos el estar en el equipo de su preferencia, ya que los equipos se conformar\u00e1n durante las primeras horas de la actividad mediante una serie de actividades. La inscripci\u00f3n no significar\u00e1 un costo para el participante, y la misma incluir\u00e1 los materiales necesarios, camiseta oficial, alimentaci\u00f3n y talleres durante el desarrollo de la actividad completa. Se brindar\u00e1 espacios b\u00e1sicos para que los participantes tomen los descansos que consideren necesarios durante las horas del evento. La inscripci\u00f3n no incluye lo siguiente: \u2022 Participaci\u00f3n de las actividades cerradas de la XXI Conferencia Regional de Cooperativas de las Am\u00e9ricas. \u2022 Costos de traslado desde el sitio de residencia del participante hasta el sitio donde se realizar\u00e1 el hackathon y viceversa. \u2022 Costos de alimentaci\u00f3n previo al inicio del hackathon, as\u00ed como posterior a la clausura del evento. \u2022 Seguros de cualquier tipo. Informaci\u00f3n muy importante que est\u00e9 en la p\u00e1gina<\/p>\n","protected":false},"excerpt":{"rendered":"<p>El completar el formulario no le asegura a la persona un cupo en dicha actividad; ser\u00e1 por medio de un correo oficial de Cooperativas de las Am\u00e9ricas entre el 4 y el 21 de octubre de 2019, que la organizaci\u00f3n le informar\u00e1 a la persona si fue o no aceptada su inscripci\u00f3n a la actividad, [&hellip;]<\/p>\n","protected":false},"author":2,"featured_media":0,"parent":0,"menu_order":0,"comment_status":"closed","ping_status":"closed","template":"template\/full-width-template.php","meta":{"footnotes":""},"_links":{"self":[{"href":"http:\/\/aciamericas.coop\/hackathon\/wp-json\/wp\/v2\/pages\/1983"}],"collection":[{"href":"http:\/\/aciamericas.coop\/hackathon\/wp-json\/wp\/v2\/pages"}],"about":[{"href":"http:\/\/aciamericas.coop\/hackathon\/wp-json\/wp\/v2\/types\/page"}],"author":[{"embeddable":true,"href":"http:\/\/aciamericas.coop\/hackathon\/wp-json\/wp\/v2\/users\/2"}],"replies":[{"embeddable":true,"href":"http:\/\/aciamericas.coop\/hackathon\/wp-json\/wp\/v2\/comments?post=1983"}],"version-history":[{"count":5,"href":"http:\/\/aciamericas.coop\/hackathon\/wp-json\/wp\/v2\/pages\/1983\/revisions"}],"predecessor-version":[{"id":2025,"href":"http:\/\/aciamericas.coop\/hackathon\/wp-json\/wp\/v2\/pages\/1983\/revisions\/2025"}],"wp:attachment":[{"href":"http:\/\/aciamericas.coop\/hackathon\/wp-json\/wp\/v2\/media?parent=1983"}],"curies":[{"name":"wp","href":"https:\/\/api.w.org\/{rel}","templated":true}]}}